hat is the value of -2 + (0 - (-3 + -6))?
7
What is -11 - (-10 - -6) - (-1 - 0)?
-6
Evaluate (-5 - (4 + -3)) + 3.
-3
Calculate -6 + (-2 - -2 - -3) + -4.
-7
Evaluate 13 + -22 - (0 - 9).
0
2 - (-2 + (-5 - -5))
4
7 + -12 + 18 + -13
0
Calculate 1 + -9 + (12 - 2).
2
What is (2 - 2 - 2) + (-1 - -2)?
-1
Calculate -92 + 82 + 16 + -1.
5
Calculate -1 - (3 + -1) - -5.
2
9 + 0 + -2 - 3
4
-12 - ((-16 - -7) + -4)
1
What is the value of 4 - (0 + 0 + 0)?
4
What is the value of -5 - (-1 + 1 + 1 + 1)?
-7
Calculate -4 - (-4 + (-12 + 4 - -15)).
-7
Evaluate -9 - -2 - (46 - 56).
3
Evaluate -4 - (53 + -64 - (0 + -4)).
3
What is 2 + -1 + -5 + (28 - 23)?
1
Evaluate -4 - 1 - (4 - 17 - -5).
3
What is 4 + -2 + (-1 + 7 - 3)?
5
What is (3 - -3) + -1 + (-38 - -32)?
-1
What is 0 + (3 - 2) + 1?
2
2 + 6 + -5 + 1 + -1
3
What is 1 + (-2 - 1) - -10?
8
Evaluate 3 + -1 + -3 + -3.
-4
Evaluate -2 + (-2 - -8) - 0.
4
What is -4 + 5 - -3 - -1 - 3?
2
Evaluate -10 + 3 - -4 - (1 + 0).
-4
-14 - (-24 - -8 - 7)
9
Evaluate -3 - (0 + 7 + -2).
-8
Calculate -2 + -10 - -19 - (2 + 0).
5
Evaluate 2 + -4 + 9 + -3.
4
What is the value of -2 + -5 + 1 + 3?
-3
What is -11 + 2 + (1 - (2 + -6))?
-4
Calculate -3 + -3 + 2 + -1.
-5
-3 - (4 + -2 + -4 - 1)
0
4 + 1 + 0 - (-73 - -80)
-2
1 + (1 - -3) - (2 + 1)
2
Evaluate 1 + -1 + 1 + 1.
2
Evaluate -17 - -3 - (4 + -23).
5
9 - 6 - 9 - -1 - 2
-7
Evaluate -1 - (3 - 4 - (3 - 0)).
3
What is 7 + -3 + (-2 - 2) + 0?
0
What is 11 + (-22 - -1) - -8?
-2
Evaluate 4 - (1 - (2 + -1) - -7).
-3
Evaluate -10 + 11 + -1 + -3 + 1.
-2
What is -2 - (-1 + 4 + -3)?
-2
-5 - ((-2 - 3) + 4)
-4
(4 - 2) + (3 - 0)
5
What is the value of 4 + (8 - (5 + -1)) + -6?
2
What is (0 - (-3 - (7 - 3))) + 0?
7
What is the value of (-1 - 1) + -4 - -4?
-2
Evaluate (4 + -1 - (86 - 77)) + 10.
4
What is the value of 3 + 5 + (-11 - -7)?
4
Evaluate -3 - (-5 - (-1 + -1)).
0
5 + 1 + -18 - -10
-2
-2 + (6 - 0) + -1
3
What is -4 - (-3 - -5 - (10 - 6))?
-2
Calculate -6 - (1 - (2 + 2)).
-3
Evaluate (0 - 7) + (-4 + 1 - -7).
-3
What is the value of -10 - ((-6 - 3) + -3)?
2
Evaluate -5 + (-2 - (-8 - -3)) - 3.
-5
What is the value of 29 - 29 - (2 - 2)?
0
What is the value of 2 + -6 - (-1 + -1 - 1)?
-1
What is 13 + -17 + 1 + 2?
-1
Calculate (5 - (9 + -5)) + -4.
-3
What is the value of -9 + -2 + 6 - -6?
1
Evaluate (-1 - (-4 - 4)) + -4.
3
Calculate 0 + (0 - 1 - -3) + 0.
2
Evaluate -5 - 2 - -3 - (1 + -9).
4
What is -5 - (2 - (3 - 1) - 3)?
-2
Evaluate 4 - (-4 + 6 - -1).
1
What is the value of 8 - 2 - (1 + 4)?
1
Evaluate -3 + 1 + 4 + -6.
-4
Evaluate -33 - -28 - (-1 - 6).
2
Calculate -1 + 0 - (4 + (-2 - 3)).
0
-2 - -18 - ((-5 - -12) + -1)
10
What is the value of -7 + (6 + -11 - -9)?
-3
What is the value of -7 - (-3 + 6 - 7)?
-3
What is the value of 1 + (-13 + 10 - (-5 - -1))?
2
Evaluate 13 + 13 + -8 + -13.
5
Evaluate (-4 + -4 - -7) + -6 + -2.
-9
What is the value of (0 - 0) + -2 + 2 + 3?
3
What is the value of (3 - (9 - 6)) + -3?
-3
Evaluate -2 + 5 + (0 - 0).
3
10 - 0 - 4 - 4
2
0 - (0 + 3 + 1)
-4
2 + 3 + -4 - (7 - 0)
-6
-6 + (9 - (4 - 0) - 4)
-5
What is -3 + 6 + -9 - -2?
-4
-3 + -4 + 2 + 1
-4
7 - (8 - (14 + -8))
5
-2 + 1 - (-1 - (3 - 1))
2
What is the value of 0 + (3 - 3) + -3?
-3
Calculate (-1 + 5 - 6) + 6.
4
What is the value of -1 - (3 + (-3 - -3) - 1)?
-3
What is the value of 1 + -3 - (1 + 6 + -5)?
-4
What is (4 - 8 - -5) + 0?
1
(-2 - 0) + 13 + (3 - 7)
7
Evaluate 4 - 10 - (3 - 3).
-6
Calculate -11 + 13 + -15 - -7.
-6
Calculate -14 - (-7 - (-5 - -7)).
-5
Calculate -8 + 9 - (3 - 2).
0
Calculate 0 + 1 + (31 - 31).
1
What is the value of 3 + -1 + (-2 - 8) + 10?
2
Evaluate -7 - -1 - (3 + -1 - 6).
-2
Evaluate 6 - (-5 - (1 - 15)).
-3
Evaluate 4 - (4 + 10 + -7) - 3.
-6
What is the value of (-3 - -1 - 0) + 15 + -8?
5
5 + (1 + -1 - (1 - 0))
4
4 - (-4 - -3 - (3 + -5))
3
Evaluate (8 - -4) + -3 + (6 - 6).
9
-59 + 61 + -3 + 0
-1
Evaluate (3 - 0 - (0 - -2)) + 4.
5
What is (2 - 1 - 0) + 39 + -39?
1
-15 + 19 - (-5 + 11)
-2
-6 + 1 - (-25 + 19)
1
-5 - (6 - 10) - 0
-1
What is the value of -5 - ((2 - -2) + 2 - 11)?
0
(2 - 0 - 5) + 0
-3
0 + -14 + 12 - (-1 + 5)
-6
(-1 - 0) + (8 + -16 - -10)
1
What is the value of -2 - -1 - (-24 + 18)?
5
What is the value of (0 - 3) + (-7 - -10) + 0?
0
What is the value of (0 - 4) + 1 - (13 - 20)?
4
What is 1 - (-1 + 4 - 4)?
2
What is -3 + (3 + -5 - -10)?
5
Evaluate 11 + 1 - (-7 + 25).
-6
What is 3 - (6 + (4 - 11) + 4)?
0
What is the value of -4 - (-4 + 0 + -2)?
2
What is the value of 4 - (0 + 0 - 2) - 4?
2
What is 44 + -47 + (6 - 1)?
2
What is -1 + 2 + 6 + -3?
4
What is (0 - 10) + 11 - 0?
1
(-9 - (-8 + 6)) + (2 - -1)
-4
Calculate -7 - (-9 - (-1 - -1)).
2
-2 + 6 + 10 + 11 + -16
9
Calculate 3 + (-8 - (1 + -9)).
3
Evaluate -5 - -12 - (2 + 2).
3
Calculate -8 + 17 + (-5 - 10).
-6
Evaluate 1 + 0 + -1 + 3.
3
Evaluate -5 + 0 + 9 + -8 + 1.
-3
-13 - -8 - -9 - 8
-4
Evaluate 3 - (-4 + 2 + 1 + 2).
2
(-10 - -2) + (23 - 16)
-1
(-3 - -5) + (-4 - -6)
4
Calculate (-47 - -52) + -9 + 1.
-3
What is the value of 2 + (-2 - -4 - (4 + 2))?
-2
(6 + -6 - 1) + (-11 - -7)
-5
What is (6 - -2 - 17) + 4?
-5
8 - (1 + (5 - 5) + 4)
3
Evaluate 3 - (5 + -4 - 11) - 6.
7
What is the value of 2 + (3 - 5 - -4 - 2)?
2
What is 0 - (-8 + 0 + 4)?
4
What is the value of (0 - -4) + -2 - 2?
0
5 + (-6 + -5 - -8)
2
What is the value of 9 + -8 + 2 + 3?
6
What is -4 + (13 - (4 - 1) - 1)?
5
What is 16 - (28 + -16) - (0 + 4)?
0
Calculate -2 - ((4 - 10) + 1).
3
(8 - (3 - 3) - 3) + -3
2
What is 14 + -6 + 2 + -19?
-9
3 + (0 - (-2 + -1 + 3))
3
Evaluate -2 - (-12 + 5 - -5).
0
Evaluate (-4 - (1 - 5)) + -2 + 5.
3
Evaluate (-13 - (7 + -22)) + -1 + 1.
2
Calculate 5 - -2 - (10 + -4 + 8).
-7
Evaluate 5 + -21 + 19 + (-6 - 0).
-3
What is the value of 2 + 1 - 0 - 3?
0
Calculate -7 + -3 + 6 + 2 + 1.
-1
Evaluate 1 + -8 - -13 - 5.
1
What is (2 - 2) + 1 + (1 - -2)?
4
Evaluate (1 - 3 - 1) + (4 - 1).
0
What is the value of -3 + (-1 - (-2 + 4 + -10))?
4
What is the value of 0 - ((1 - -7) + -3) - -1?
-4
Calculate (-7 - 0) + (-2 - -3) + 3.
-3
(2 - 4) + 4 + (-8 - -5)
-1
16 + 2 + -18 + (-3 - 0)
-3
4 - (5 + -1 + (0 - -4))
-4
9 + (7 - (5 - -10))
1
Evaluate 10 + -16 + (18 - 3) + -11.
-2
5 + -4 + 3 + 4 + -8
0
What is the value of 6 - ((-1 - 2) + 5)?
4
8 + 7 + -14 + (-4 - -2)
-1
Evaluate 9 + -7 + 0 + -1.
1
Evaluate 3 + (-7 + 16 - 6).
6
Evaluate -3 + -1 + -4 + 16 + -3.
5
Calculate -8 - (6 - 12 - 7).
5
Calculate (8 - 5) + -6 - -13 - 4.
6
What is the value of (8 - (-5 - -8)) + -5?
0
Evaluate -9 + -4 + 11 + -4.
-6
Calculate -1 + 2 + -1 + (20 - 21).
-1
Calculate (-6 - 2) + (44 - 40).
-4
Calculate -1 - (-1 - -2) - (13 + -8).
-7
2 + (-1 - -6) + -11
-4
What is the value of (-1 - 7) + -2 + -1 + 7?
-4
(2 - 9) + (3 - (4 + 0))
-8
Calculate -2 + 5 + 1 - (9 - -1).
-6
Evaluate 6 + 1 + -6 + -1.
0
Calculate -6 + (4 + -5 - -3).
-4
What is 10 + -5 - (11 - 5)?
-1
Evaluate 14 + (7 + -23 - -9).
7
What is 1 + (0 - (-2 - 1))?
4
1 + -2 + 2 - 0
1
3 + 0 + -3 + 5 - 5
0
What is 16 + 2 + 11 + -22?
7
Evaluate -5 + (-4 - (3 + (-1 - 8))).
-3
What is the value of 0 - (3 + -1 + (0 - 5))?
3
What is 2 + (-2 - ((1 - 3) + -4))?
6
Evaluate -3 - ((3 - 13) + 3).
4
What is -3 - -9 - 4 - -1?
3
Calculate 12 - (-1 + 6) - (0 - -6).
1
What is -116 + 113 + 0 + 0?
-3
What is 9 + (2 - (11 - 2)) + 4?
6
Calculate (2 + 8 - 4) + -2.
4
Evaluate (8 + -7 - 3) + 5 - 2.
1
6 + -10 - (-2 - (1 + -2))
-3
(0 - 0) + (-6 - -8)
2
Calculate 2 + -4 + (-54 - -60).
4
What is the value of (6 - 7 - (-2 + 0)) + -1?
0
-4 - (1 + 6 + -10 + 6)
-7
What is -2 + (-2 - 3) + 6 - -3?
2
Evaluate (6 - -6) + 1 + -20.
-7
What is (7 - -1 - 0) + -8 + 5?
5
Evaluate 1 + 3 + 2 - 1.
5
What is (-4 - -1) + (-17 - (-11 + -4))?
-5
What is -7 + 13 + -17 - -3?
-8
5 - (-1 + 3) - (10 - 7)
0
What is the value of 4 + -12 + 7 + -1 + -5?
-7
Calculate 1 - (-7 - -9 - (1 + -1)).
-1
Evaluate 5 + 5 + (-8 - (4 + -7)).
5
Evaluate -5 - -12 - 3 - 0.
4
What is -5 + -1 - (-7 + 3 + 0)?
-2
What is the value of (-1 - 6) + (0 - -3)?
-4
Evaluate -1 - (4 - (-1 - (-7 - -2))).
-1
What is -2 + -6 + -1 + 3 + 1?
-5
What is 5 + 4 + -9 - (3 - -5)?
-8
What is the value of -15 + 29 + -3 + -12?
-1
Evaluate 2 - (6 - 2) - (160 - 158).
-4
What is the value of 1 - (6 + -4 + -3)?
2
Calculate 0 + 1 + 4 - (5 + -5).
5
-5 + (-2 - 8) + 9
-6
Calculate -4 + (-3 - -5) - (-2 + 3).
-3
-6 + -5 + 6 + 3
-2
(0 + 7 - 7) + 5
5
Calculate -8 - -12